{"id":16,"date":"2025-10-07T12:32:55","date_gmt":"2025-10-07T12:32:55","guid":{"rendered":"https:\/\/kilisgidasirketi.com\/?page_id=16"},"modified":"2025-10-07T12:32:55","modified_gmt":"2025-10-07T12:32:55","slug":"iletisim","status":"publish","type":"page","link":"https:\/\/kilisgidasirketi.com\/index.php\/iletisim\/","title":{"rendered":"\u0130leti\u015fim"},"content":{"rendered":"<p><strong>7 Aral\u0131k Park Bah\u00e7e Tem.San. ve Tic.Ltd.\u015e<\/strong><strong style=\"font-family: inherit; font-size: inherit;\">ti<\/strong><\/p>\n<table style=\"height: 240px; width: 99.569%;\" width=\"423\">\n<tbody>\n<tr style=\"height: 10px;\">\n<td style=\"height: 10px;\"><\/td>\n<\/tr>\n<tr style=\"height: 230px;\">\n<td style=\"height: 230px;\">\n<table style=\"width: 99.4044%; height: 208px;\">\n<tbody>\n<tr style=\"height: 52px;\">\n<td style=\"width: 9.3472%;\"><img loading=\"lazy\" decoding=\"async\" class=\"alignnone size-full wp-image-18\" src=\"https:\/\/kilisgidasirketi.com\/wp-content\/uploads\/2025\/10\/phone-300x300-1.png\" alt=\"\" width=\"300\" height=\"300\" srcset=\"https:\/\/kilisgidasirketi.com\/wp-content\/uploads\/2025\/10\/phone-300x300-1.png 300w, https:\/\/kilisgidasirketi.com\/wp-content\/uploads\/2025\/10\/phone-300x300-1-150x150.png 150w\" sizes=\"auto, (max-width: 300px) 100vw, 300px\" \/><\/td>\n<td style=\"height: 52px; width: 18.9911%;\"><strong>Telefon :<\/strong><\/td>\n<td style=\"height: 52px; width: 81.2993%;\">0505-180-48-90<\/td>\n<\/tr>\n<tr style=\"height: 52px;\">\n<td style=\"width: 9.3472%;\"><img loading=\"lazy\" decoding=\"async\" class=\"alignnone size-full wp-image-19\" src=\"https:\/\/kilisgidasirketi.com\/wp-content\/uploads\/2025\/10\/mail-300x245-1.png\" alt=\"\" width=\"300\" height=\"245\" srcset=\"https:\/\/kilisgidasirketi.com\/wp-content\/uploads\/2025\/10\/mail-300x245-1.png 300w, https:\/\/kilisgidasirketi.com\/wp-content\/uploads\/2025\/10\/mail-300x245-1-150x123.png 150w\" sizes=\"auto, (max-width: 300px) 100vw, 300px\" \/><\/td>\n<td style=\"height: 52px; width: 18.9911%;\"><strong>E Posta:<\/strong><\/td>\n<td style=\"height: 52px; width: 81.2993%;\">yediaralik@kilis.bel.tr<\/td>\n<\/tr>\n<tr style=\"height: 52px;\">\n<td style=\"width: 9.3472%;\"><img loading=\"lazy\" decoding=\"async\" class=\"alignnone size-full wp-image-17\" src=\"https:\/\/kilisgidasirketi.com\/wp-content\/uploads\/2025\/10\/pngwing.com_-300x182-1.png\" alt=\"\" width=\"300\" height=\"182\" srcset=\"https:\/\/kilisgidasirketi.com\/wp-content\/uploads\/2025\/10\/pngwing.com_-300x182-1.png 300w, https:\/\/kilisgidasirketi.com\/wp-content\/uploads\/2025\/10\/pngwing.com_-300x182-1-150x91.png 150w\" sizes=\"auto, (max-width: 300px) 100vw, 300px\" \/><\/td>\n<td style=\"height: 52px; width: 18.9911%;\"><strong>Adres :<\/strong><\/td>\n<td style=\"width: 81.2993%;\">\n<table style=\"border-collapse: collapse; width: 100%;\">\n<tbody>\n<tr>\n<td style=\"width: 67.8571%;\">Yavuz Sultan Selim Mahallesi \u0130lhami Toprak Caddesi Kilis Belediye Ba\u015fkanl\u0131\u011f\u0131 No:7 Merkez\/K\u0130L\u0130S<\/td>\n<\/tr>\n<\/tbody>\n<\/table>\n<\/td>\n<\/tr>\n<\/tbody>\n<\/table>\n<\/td>\n<\/tr>\n<\/tbody>\n<\/table>\n","protected":false},"excerpt":{"rendered":"<p>7 Aral\u0131k Park Bah\u00e7e Tem.San. ve Tic.Ltd.\u015eti Telefon : 0505-180-48-90 E Posta: yediaralik@kilis.bel.tr Adres : Yavuz Sultan Selim Mahallesi \u0130lhami Toprak Caddesi Kilis Belediye Ba\u015fkanl\u0131\u011f\u0131 No:7 Merkez\/K\u0130L\u0130S<\/p>\n","protected":false},"author":1,"featured_media":0,"parent":0,"menu_order":0,"comment_status":"closed","ping_status":"closed","template":"","meta":{"footnotes":""},"class_list":["post-16","page","type-page","status-publish"],"jetpack_sharing_enabled":true,"_links":{"self":[{"href":"https:\/\/kilisgidasirketi.com\/index.php\/wp-json\/wp\/v2\/pages\/16","targetHints":{"allow":["GET"]}}],"collection":[{"href":"https:\/\/kilisgidasirketi.com\/index.php\/wp-json\/wp\/v2\/pages"}],"about":[{"href":"https:\/\/kilisgidasirketi.com\/index.php\/wp-json\/wp\/v2\/types\/page"}],"author":[{"embeddable":true,"href":"https:\/\/kilisgidasirketi.com\/index.php\/wp-json\/wp\/v2\/users\/1"}],"replies":[{"embeddable":true,"href":"https:\/\/kilisgidasirketi.com\/index.php\/wp-json\/wp\/v2\/comments?post=16"}],"version-history":[{"count":1,"href":"https:\/\/kilisgidasirketi.com\/index.php\/wp-json\/wp\/v2\/pages\/16\/revisions"}],"predecessor-version":[{"id":20,"href":"https:\/\/kilisgidasirketi.com\/index.php\/wp-json\/wp\/v2\/pages\/16\/revisions\/20"}],"wp:attachment":[{"href":"https:\/\/kilisgidasirketi.com\/index.php\/wp-json\/wp\/v2\/media?parent=16"}],"curies":[{"name":"wp","href":"https:\/\/api.w.org\/{rel}","templated":true}]}}